+ 187/7?
7
Suppose 12*m - 23546 - 26662 = 0. Suppose -30*q - 764 + m = 0. What is the hundreds digit of q?
1
Suppose 0 = -15*c + 101 + 19. Suppose c*l = 4*l + 4544. What is the tens digit of l?
3
Let i(w) = -5*w**3 + 31*w**2 - 15*w + 33. Let o(d) = 9*d**3 - 61*d**2 + 30*d - 65. Let x(j) = -7*i(j) - 4*o(j). What is the tens digit of x(26)?
1
Suppose 77*w = -16*w + 247665 + 984399. What is the units digit of w?
8
Let i(u) = -u**3 - 17*u**2 - 37*u + 205. What is the hundreds digit of i(-32)?
7
Let a = -3973 - -12861. What is the units digit of a?
8
Let v(l) = 10*l**2 + 67*l + 20. Let z be v(-12). Let u = 1640 - z. What is the units digit of u?
4
What is the thousands digit of 4039*5 + ((-6)/3 - -2)/1?
0
Let s(l) = -1054*l - 466. What is the ten thousands digit of s(-11)?
1
Suppose 30*q + 5*t = 34*q + 24, -q - 13 = -3*t. Let o(g) = 156*g**2 - 6*g - 5. What is the units digit of o(q)?
7
Let d = 27 + -21. Suppose d + 15 = -7*c. Let a(j) = -3*j**3 - 5*j**2 - 3*j - 3. What is the units digit of a(c)?
2
Let n = -20641 - -23066. What is the thousands digit of n?
2
Let t(g) = g**3 + 13*g**2 - 9*g + 13. Let w be t(-7). Suppose k - 3*k - w = -2*u, -183 = -u + 3*k. What is the tens digit of u?
8
Let x = -31 + 31. Suppose x + 16 = -4*i. What is the tens digit of (-4 - (53 - i))/(-1)?
6
Let h = 16013 - 7874. Suppose -9*i = -h - 4695. What is the units digit of i?
6
Suppose -30*w = 55*w - 1433015. What is the units digit of w?
9
Suppose 4*r = 2*r - 242. Let c = r - -33. What is the units digit of 9*3/((-18)/c)?
2
Let z(w) be the second derivative of -w**5/20 - 7*w**4/4 - 17*w**3/6 - 14*w**2 - 10*w. Let h be z(-20). Let q = 123 - h. What is the units digit of q?
1
Let i(u) = -2*u**3 - u - 1. Let s be i(-1). Let x(t) = 5*t**2 + 4*t - 1 - 5*t - 3*t**s. What is the units digit of x(-4)?
5
Let f = 32 + -92. Let u = 1185 - 1303. Let j = f - u. What is the tens digit of j?
5
Suppose -b = -5*p - 13162, -60*p + 52538 = 4*b - 58*p. What is the hundreds digit of b?
1
Let u = -13567 + 37012. What is the units digit of u?
5
Suppose 0 = -18*q + 165469 + 73355. What is the hundreds digit of q?
2
Let m(q) = 20*q**2 + 44*q - 71. What is the tens digit of m(26)?
9
Let h be -1 + -1 + 4 + -7 + 2. Let w(x) = -6*x**3 + 3*x**2 + 3*x - 1. What is the hundreds digit of w(h)?
1
Suppose 0 = 2*n - 3*s - 109844 + 30490, 3*s + 198421 = 5*n. What is the thousands digit of n?
9
Let x = -6158 - -22392. What is the thousands digit of x?
6
Suppose -4*t + 4 = -3*i, 2*i - 4*t + 2 = -6. Suppose w - 23 = -5*h + 2*w, -4*h + i*w = -12. Suppose -h*f + 232 = 32. What is the units digit of f?
0
Suppose 3*q + 63 = -3*s + 8*s, -2*s - 4*q = -46. Suppose 5*b - 82 = -p - 36, -8*p = 32. Suppose -b*o = -s*o + 600. What is the tens digit of o?
2
Let n = 753 - 754. What is the hundreds digit of 2/(-4)*n*(0 - -284)?
1
Let z(x) = 4*x**3 + x - 2. Let t be z(1). Suppose 0 = 2*b - 2*y - 235 - 489, t*y = -2*b + 724. What is the hundreds digit of b?
3
Let r = 41519 + -417. What is the units digit of r?
2
Let g(r) = -6*r + 217. Let o be g(-20). Let b = -69 + o. What is the hundreds digit of b?
2
Suppose -39*p = -32*p - 49. Let w(z) be the second derivative of -z**4/12 + 5*z**3/3 - 2*z**2 + 3*z. What is the units digit of w(p)?
7
Let m(i) = -i**3 - i**2 + 2*i + 98. Suppose 2*k = 4*g, 3*g + 2*k + 2*k = 0. Let j be m(g). Let t = -87 + j. What is the tens digit of t?
1
What is the ten thousands digit of (-54793)/(-5) + 12/30 + 3?
1
Let c be 4/(-5)*30/(-12). Suppose 0 = -w - 0*w + 2*t + 295, 3*w - c*t - 905 = 0. What is the tens digit of w?
0
Let a(y) = 617*y**3 + 16*y**2 - 81*y + 29. What is the tens digit of a(4)?
4
Let t = -29610 - -44847. What is the ten thousands digit of t?
1
What is the tens digit of 14 + (-33 - -17) + 20103?
0
Let m(b) be the second derivative of b**5/20 + 5*b**4/12 + 2*b**3/3 + b**2 + b + 17. Let k be m(-6). Let f = k - -87. What is the tens digit of f?
2
Let c = 47 + -35. Suppose -c*b + 10*b + 8 = 0. Suppose 0 = 2*p - b*f - 52, p + 0*p - 32 = 5*f. What is the units digit of p?
2
Suppose -4 = -11*b + 84. What is the units digit of -5*(20/125)/(b/(-5420))?
2
Let o be (-1072)/(-20) + (-6)/10 + 1. Suppose -5*z + 3*p + o = -0*z, 3*p = -5*z + 36. What is the tens digit of 65 - (22/(-99) - 16/z)?
6
Suppose 254 + 175 = 3*z. Let t(a) = -a - 1. Let j be t(1). What is the units digit of j/(-8) + z/4?
6
Let r(c) = -2*c**3 - 145*c**2 + 13*c + 445. What is the units digit of r(-74)?
1
Let y(a) = -20*a**2 + 20*a. Let w(r) = -r. Let n(t) = -24*w(t) - y(t). Let s(l) = 2*l**2 + 19*l - 57. Let o be s(-12). What is the hundreds digit of n(o)?
1
Let x(t) = 229*t - 10. Let o be x(2). Suppose -q + o = 137. What is the hundreds digit of q?
3
Let j(b) = -24*b - 81. Let c be j(-26). Let t = -311 + c. What is the units digit of t?
2
Let h(y) = y - 1. Let t(z) = -2*z + 4. Let s be t(3). Let w(r) = 17*r - 7. Let i(p) = s*h(p) + w(p). What is the units digit of i(5)?
0
Let s = -28 + 32. Suppose -s*o - 2 = -w, -w + 3*w - o = 4. Suppose w*q = 6*q - 32. What is the units digit of q?
8
Suppose 72*x - 94*x = -267256. What is the units digit of x?
8
Let h(s) = -s**3 - 7*s**2 - 7*s - 1. Let b be h(-6). Suppose -b*x + g + 1196 = -730, x = 4*g + 370. What is the hundreds digit of x?
3
What is the thousands digit of (-45462)/(-5) + (-38)/95?
9
Suppose 2*a = -3*a - c + 83, -60 = -3*a - 4*c. Suppose a = q + q. Suppose -6*k + q*k - 210 = 0. What is the tens digit of k?
0
Suppose 0 = 56*u - 38*u - 82868 - 108346. What is the ten thousands digit of u?
1
Suppose y + 0*y = 5*a + 42, 2*y = -a + 73. Let b = 13 - y. Let k = 141 + b. What is the tens digit of k?
1
Suppose -2*z = -292 + 278. Suppose -4*o + l = -1409, 12*l - z*l = -2*o + 721. What is the units digit of o?
3
Let v(r) = -71 - 60 + 208 + 2*r. What is the units digit of v(24)?
5
Suppose -c + 3*v + 6 = 0, -5*c + v = -20 - 10. What is the hundreds digit of -3 - -3*8/c - -716?
7
Suppose 128 = 3*g + 5*g. Suppose 0 = -5*n + n + g. Suppose w = 5*l - w - 78, 3*l + n*w = 26. What is the tens digit of l?
1
Let i(n) = -n**2 - 6*n + 167. Suppose 20*o = 18*o. What is the tens digit of i(o)?
6
Suppose 9*h = -164 - 340. Let u be (h/(-35) - 4)/((-2)/10). Suppose u*i - 1800 = 2*i. What is the units digit of i?
0
What is the tens digit of ((-2496)/256)/((-5)/970*(-2)/(-4))?
8
Let s(a) = -1495*a - 1574. What is the tens digit of s(-12)?
6
Suppose -61*i + 133219 = -336420. What is the hundreds digit of i?
6
Suppose -14*d + d = 20*d - 247632. What is the thousands digit of d?
7
Let l = -8 + 11. Suppose -l*s + 254 + 61 = 0. Let a = -78 + s. What is the units digit of a?
7
Let l(m) = 11*m - 11. Let i(c) = -c**2 + 56*c - 57. Let q(y) = -2*i(y) + 11*l(y). What is the tens digit of q(11)?
3
Suppose -2352 = -5*s + 4*f + 29096, 3*s - f - 18866 = 0. What is the units digit of s?
8
Let i = 187 + -201. What is the units digit of 7/(i/2427)*(-14)/21?
9
Let m(c) = 15*c**2 - 5*c - 72. Let r be m(-9). Let b = -579 + r. What is the units digit of b?
9
Let p(j) = 50*j**2 + 7*j + 8. Let o be p(-3). Suppose s + c = 45 + 90, 3*s = 5*c + o. Let u = s + -96. What is the tens digit of u?
4
Let u(z) = -5*z**3 + 5*z**2 - 91*z + 1. What is the thousands digit of u(-11)?
8
What is the tens digit of (147/(-12) - 5)*8*-42?
9
Let k(i) = 3*i**2 - 5*i + 4. Let n be k(1). Let c be n/(-10) - (64/(-20) - 1). Suppose 33 = -c*x + 517. What is the units digit of x?
1
Suppose 5*g + p + 3620 = 0, 0 = -5*p + 2*p. Let z = -432 - g. What is the units digit of z?
2
Suppose 4955 = 5*p - 0*r + r, 4*p - 3980 = -4*r. Suppose 3*b = 3*u - p, u - 8*b + 3*b - 310 = 0. What is the hundreds digit of u?
3
Let i(l) be the third derivative of -l**4/12 + 35*l**3/3 + l**2 - 26. What is the units digit of i(11)?
8
Let z = -2389 - -1352. What is the units digit of (-4)/34 - 798612/z?
0
Suppose -3*d = h - 500, 7*h - 2*h + 506 = 3*d. Suppose -9*m + d = -805. What is the units digit of m?
8
Let d(q) = -24*q**2 + 4. Let m be d(-2). Let v = m + 85. What is the units digit of 1 - 0 - v - -3?
1
Let g(q) = 7*q**2 + 76*q + 69. What is the thousands digit of g(25)?
6
Suppose 3*w = -5*i + 10217, -2*w - 54*i + 6838 = -56*i. What is the units digit of w?
4
Let b = -87087 + 150118. What is the hundreds digit of b?
0
Let p = -227 - 273. Let z = -202 - p. What is the hundreds 